git of 99502?
0
What is the units digit of 583?
3
What is the ten thousands digit of 27312?
2
What is the tens digit of 2297?
9
What is the units digit of 71224?
4
What is the tens digit of 1055?
5
What is the hundreds digit of 7701?
7
What is the hundreds digit of 16450?
4
What is the tens digit of 12439?
3
What is the tens digit of 635?
3
What is the hundreds digit of 5122?
1
What is the thousands digit of 16553?
6
What is the tens digit of 2630?
3
What is the thousands digit of 4230?
4
What is the hundreds digit of 1529?
5
What is the ten thousands digit of 187720?
8
What is the tens digit of 1830?
3
What is the units digit of 716?
6
What is the units digit of 559?
9
What is the tens digit of 5710?
1
What is the units digit of 12161?
1
What is the tens digit of 706?
0
What is the units digit of 379?
9
What is the thousands digit of 2047?
2
What is the units digit of 5265?
5
What is the thousands digit of 3074?
3
What is the thousands digit of 25348?
5
What is the thousands digit of 9653?
9
What is the hundreds digit of 994?
9
What is the ten thousands digit of 93720?
9
What is the thousands digit of 1342?
1
What is the hundreds digit of 794?
7
What is the ten thousands digit of 16211?
1
What is the tens digit of 136599?
9
What is the units digit of 735?
5
What is the units digit of 893?
3
What is the tens digit of 19555?
5
What is the units digit of 410?
0
What is the units digit of 26396?
6
What is the tens digit of 781?
8
What is the units digit of 419?
9
What is the ten thousands digit of 10605?
1
What is the hundreds digit of 1302?
3
What is the ten thousands digit of 98311?
9
What is the thousands digit of 2746?
2
What is the thousands digit of 3081?
3
What is the hundreds digit of 371?
3
What is the tens digit of 7019?
1
What is the tens digit of 885?
8
What is the thousands digit of 23784?
3
What is the units digit of 3?
3
What is the ten thousands digit of 80457?
8
What is the thousands digit of 7527?
7
What is the hundreds digit of 1901?
9
What is the thousands digit of 6808?
6
What is the hundreds digit of 4277?
2
What is the tens digit of 195?
9
What is the hundreds digit of 20048?
0
What is the hundreds digit of 63083?
0
What is the units digit of 328?
8
What is the units digit of 12691?
1
What is the tens digit of 24904?
0
What is the units digit of 10586?
6
What is the ten thousands digit of 20021?
2
What is the ten thousands digit of 47253?
4
What is the thousands digit of 89654?
9
What is the hundreds digit of 380?
3
What is the hundreds digit of 665?
6
What is the tens digit of 471?
7
What is the thousands digit of 25340?
5
What is the units digit of 11988?
8
What is the units digit of 490?
0
What is the hundreds digit of 121?
1
What is the units digit of 1365?
5
What is the units digit of 113959?
9
What is the units digit of 5871?
1
What is the hundreds digit of 752?
7
What is the units digit of 440?
0
What is the units digit of 10082?
2
What is the thousands digit of 24241?
4
What is the thousands digit of 9490?
9
What is the thousands digit of 13037?
3
What is the tens digit of 1840?
4
What is the ten thousands digit of 24478?
2
What is the units digit of 65898?
8
What is the thousands digit of 20959?
0
What is the hundreds digit of 7406?
4
What is the units digit of 8222?
2
What is the hundreds digit of 1240?
2
What is the units digit of 407?
7
What is the tens digit of 292?
9
What is the thousands digit of 2886?
2
What is the hundreds digit of 475?
4
What is the units digit of 42565?
5
What is the hundreds digit of 24788?
7
What is the units digit of 23721?
1
What is the ten thousands digit of 37734?
3
What is the units digit of 6852?
2
What is the hundreds digit of 4776?
7
What is the tens digit of 1836?
3
What is the units digit of 2?
2
What is the tens digit of 2592?
9
What is the thousands digit of 27274?
7
What is the tens digit of 20279?
7
What is the tens digit of 1554?
5
What is the hundreds digit of 7055?
0
What is the units digit of 62?
2
What is the units digit of 7824?
4
What is the tens digit of 24019?
1
What is the tens digit of 164?
6
What is the hundreds digit of 12567?
5
What is the thousands digit of 18402?
8
What is the tens digit of 17493?
9
What is the units digit of 30858?
8
What is the thousands digit of 9344?
9
What is the ten thousands digit of 31564?
3
What is the tens digit of 96277?
7
What is the units digit of 8657?
7
What is the hundreds digit of 70030?
0
What is the units digit of 1781?
1
What is the hundreds digit of 19922?
9
What is the tens digit of 1903?
0
What is the hundreds digit of 169?
1
What is the ten thousands digit of 93336?
9
What is the tens digit of 757?
5
What is the hundreds digit of 35422?
4
What is the units digit of 4688?
8
What is the thousands digit of 18360?
8
What is the tens digit of 1773?
7
What is the tens digit of 1178?
7
What is the units digit of 1238?
8
What is the hundreds digit of 50622?
6
What is the units digit of 28446?
6
What is the ten thousands digit of 18266?
1
What is the thousands digit of 2134?
2
What is the tens digit of 2386?
8
What is the ten thousands digit of 99500?
9
What is the tens digit of 1034?
3
What is the hundreds digit of 7124?
1
What is the ten thousands digit of 40794?
4
What is the hundreds digit of 6089?
0
What is the hundreds digit of 3984?
9
What is the units digit of 295?
5
What is the units digit of 3300?
0
What is the units digit of 5233?
3
What is the hundreds digit of 5690?
6
What is the tens digit of 3992?
9
What is the thousands digit of 5219?
5
What is the thousands digit of 40662?
0
What is the tens digit of 1000?
0
What is the hundreds digit of 6030?
0
What is the hundreds digit of 6894?
8
What is the units digit of 1358?
8
What is the tens digit of 461?
6
What is the units digit of 18209?
9
What is the ten thousands digit of 85553?
8
What is the tens digit of 844?
4
What is the tens digit of 29126?
2
What is the ten thousands digit of 55076?
5
What is the ten thousands digit of 10808?
1
What is the hundreds digit of 8929?
9
What is the ten thousands digit of 13720?
1
What is the tens digit of 5916?
1
What is the units digit of 124?
4
What is the tens digit of 621?
2
What is the units digit of 4710?
0
What is the tens digit of 107?
0
What is the units digit of 519?
9
What is the hundred thousands digit of 102918?
1
What is the units digit of 973?
3
What is the thousands digit of 5169?
5
What is the hundreds digit of 4091?
0
What is the units digit of 244?
4
What is the thousands digit of 4620?
4
What is the units digit of 205?
5
What is the tens digit of 213?
1
What is the tens digit of 259?
5
What is the units digit of 1644?
4
What is the tens digit of 24627?
2
What is the units digit of 798?
8
What is the units digit of 2128?
8
What is the units digit of 7542?
2
What is the tens digit of 926?
2
What is the units digit of 436?
6
What is the units digit of 787?
7
What is the hundreds digit of 17582?
5
What is the units digit of 2237?
7
What is the hundreds digit of 959?
9
What is the hundreds digit of 3103?
1
What is the units digit of 4237?
7
What is the hundreds digit of 3434?
4
What is the hundreds digit of 5742?
7
What is the hundreds digit of 1531?
5
What is the thousands digit of 8373?
8
What is the hundreds digit of 755?
7
What is the units digit of 525?
5
What is the tens digit of 555?
5
What is the tens digit of 9122?
2
What is the thousands digit of 7705?
7
What is the hundreds digit of 44142?
1
What is the hundreds digit of 910?
9
What is the ten thousands digit of 11013?
1
What is the hundreds digit of 181?
1
What is the tens digit of 20589?
8
What is the thousands digit of 3099?
3
What is the tens digit of 8323?
2
What is the tens digit of 4413?
1
What is the units digit of 19715?
5
What is the ten thousands digit of 37839?
3
What is the units digit of 2942?
2
What is the tens digit of 4221?
2
What is the hundreds digit of 80504?
5
What is the units digit of 6174?
4
What is the hundreds digit of 328?
3
What is the thousands digit of 2002?
2
What is the thousands digit of 1775?
1
What is the ten thousands digit of 16182?
1
What is the ten thousands digit of 140787?
4
What is the tens digit of 11978?
7
What is the thousands digit of 2524?
2
What is the units digit of 8598?
8
What is the hundreds digi